{"id":2305,"date":"2020-11-02T17:15:56","date_gmt":"2020-11-02T16:15:56","guid":{"rendered":"https:\/\/susananavaridas.es\/?page_id=2305"},"modified":"2021-05-21T08:23:36","modified_gmt":"2021-05-21T07:23:36","slug":"riojanismos","status":"publish","type":"page","link":"https:\/\/susananavaridas.es\/?page_id=2305","title":{"rendered":"Riojanismos"},"content":{"rendered":"\t\t<div data-elementor-type=\"wp-page\" data-elementor-id=\"2305\" class=\"elementor elementor-2305\">\n\t\t\t\t\t\t<section class=\"elementor-section elementor-top-section elementor-element elementor-element-f941b32 elementor-section-boxed elementor-section-height-default elementor-section-height-default\" data-id=\"f941b32\" data-element_type=\"section\">\n\t\t\t\t\t\t<div class=\"elementor-container elementor-column-gap-default\">\n\t\t\t\t\t<div class=\"elementor-column elementor-col-100 elementor-top-column elementor-element elementor-element-4bca2d5d\" data-id=\"4bca2d5d\" data-element_type=\"column\">\n\t\t\t<div class=\"elementor-widget-wrap elementor-element-populated\">\n\t\t\t\t\t\t<div class=\"elementor-element elementor-element-14464f83 elementor-widget elementor-widget-text-editor\" data-id=\"14464f83\" data-element_type=\"widget\" data-widget_type=\"text-editor.default\">\n\t\t\t\t<div class=\"elementor-widget-container\">\n\t\t\t\t\t\t\t\t\t<p><strong>Riojanismo <\/strong>(RAE): palabra o uso linguistico propios de los riojanos.<br \/>Los Riojanismos no alcanzan la categor\u00eda acad\u00e9mica de lengua, ni suquiera dialecto. Son expressiones familiares vinculadas siempre a escenas de la vida cotidiana. Muchas de ellas pr\u00f3ximas a la tierra, ya que el riojano es un pueblo que a\u00fa hoy mantiene vivas las ra\u00edces en el territorio que lo vio nacer.<br \/><br \/>En septiembre de 2018 junto con otros socios de la asociaci\u00f3n Riojafoto, se colg\u00f3 la exposici\u00f3n colectiva \u00abRiojanismos\u00bb en la sala de exposiciones del Ayuntamiento de Logro\u00f1o. Cada autor eligi\u00f3 unos determinados vocablos, utilizados, mayormente, en el entorno de la vida cotidiana en La Rioja<\/p>\t\t\t\t\t\t\t\t<\/div>\n\t\t\t\t<\/div>\n\t\t\t\t<div class=\"elementor-element elementor-element-573e697a elementor-widget-divider--view-line elementor-widget elementor-widget-divider\" data-id=\"573e697a\" data-element_type=\"widget\" data-widget_type=\"divider.default\">\n\t\t\t\t<div class=\"elementor-widget-container\">\n\t\t\t\t\t\t\t<div class=\"elementor-divider\">\n\t\t\t<span class=\"elementor-divider-separator\">\n\t\t\t\t\t\t<\/span>\n\t\t<\/div>\n\t\t\t\t\t\t<\/div>\n\t\t\t\t<\/div>\n\t\t\t\t\t<\/div>\n\t\t<\/div>\n\t\t\t\t\t<\/div>\n\t\t<\/section>\n\t\t\t\t<section class=\"elementor-section elementor-top-section elementor-element elementor-element-36b4ce4 elementor-section-boxed elementor-section-height-default elementor-section-height-default\" data-id=\"36b4ce4\" data-element_type=\"section\">\n\t\t\t\t\t\t<div class=\"elementor-container elementor-column-gap-default\">\n\t\t\t\t\t<div class=\"elementor-column elementor-col-33 elementor-top-column elementor-element elementor-element-f135be9\" data-id=\"f135be9\" data-element_type=\"column\">\n\t\t\t<div class=\"elementor-widget-wrap\">\n\t\t\t\t\t\t\t<\/div>\n\t\t<\/div>\n\t\t\t\t<div class=\"elementor-column elementor-col-33 elementor-top-column elementor-element elementor-element-f05453d\" data-id=\"f05453d\" data-element_type=\"column\">\n\t\t\t<div class=\"elementor-widget-wrap elementor-element-populated\">\n\t\t\t\t\t\t<div class=\"elementor-element elementor-element-96755d6 elementor-widget elementor-widget-text-editor\" data-id=\"96755d6\" data-element_type=\"widget\" data-widget_type=\"text-editor.default\">\n\t\t\t\t<div class=\"elementor-widget-container\">\n\t\t\t\t\t\t\t\t\t<p><em><strong>CURRUSCO<\/strong>: parte externa del pan<\/em><br \/><em><strong>SARTA<\/strong>: Serie de cosas pasadas o ensartadas una tras otra en un hilo o cuerda<\/em><br \/><em><strong>ALLEGAR<\/strong>: debar libre de restos de comida un plato, debido a que se ha comido<\/em><br \/><em><strong>L\u00c1LARA<\/strong>: huevo sin c\u00e1scara<\/em><br \/><em><strong>AGUACHIRRI<\/strong>: bebida o caldo, que parece agua o que tiene exceso de ella<\/em><\/p>\t\t\t\t\t\t\t\t<\/div>\n\t\t\t\t<\/div>\n\t\t\t\t\t<\/div>\n\t\t<\/div>\n\t\t\t\t<div class=\"elementor-column elementor-col-33 elementor-top-column elementor-element elementor-element-54db641\" data-id=\"54db641\" data-element_type=\"column\">\n\t\t\t<div class=\"elementor-widget-wrap\">\n\t\t\t\t\t\t\t<\/div>\n\t\t<\/div>\n\t\t\t\t\t<\/div>\n\t\t<\/section>\n\t\t\t\t<section class=\"elementor-section elementor-top-section elementor-element elementor-element-50d814f elementor-section-boxed elementor-section-height-default elementor-section-height-default\" data-id=\"50d814f\" data-element_type=\"section\">\n\t\t\t\t\t\t<div class=\"elementor-container elementor-column-gap-default\">\n\t\t\t\t\t<div class=\"elementor-column elementor-col-100 elementor-top-column elementor-element elementor-element-25cc0558\" data-id=\"25cc0558\" data-element_type=\"column\">\n\t\t\t<div class=\"elementor-widget-wrap elementor-element-populated\">\n\t\t\t\t\t\t<div class=\"elementor-element elementor-element-473986f elementor-widget elementor-widget-text-editor\" data-id=\"473986f\" data-element_type=\"widget\" data-widget_type=\"text-editor.default\">\n\t\t\t\t<div class=\"elementor-widget-container\">\n\t\t\t\t\t\t\t\t\t\n<p class=\"has-text-align-left\" style=\"text-align: left;\"><em>\u00a0<\/em><\/p>\n\n<figure class=\"wp-block-gallery columns-5 is-cropped wp-block-gallery-2 is-layout-flex wp-block-gallery-is-layout-flex\">\n<ul class=\"blocks-gallery-grid\">\n<li class=\"blocks-gallery-item\">\n<figure><img fetchpriority=\"high\" decoding=\"async\" width=\"1024\" height=\"683\" class=\"wp-image-2129\" src=\"http:\/\/susananavaridas.es\/wp-content\/uploads\/corrusco_MG_0461-Editar-1024x683.jpg\" alt=\"\" data-id=\"2129\" data-full-url=\"http:\/\/susananavaridas.es\/wp-content\/uploads\/corrusco_MG_0461-Editar.jpg\" data-link=\"https:\/\/susananavaridas.es\/?attachment_id=2129\" srcset=\"https:\/\/susananavaridas.es\/wp-content\/uploads\/corrusco_MG_0461-Editar-1024x683.jpg 1024w, https:\/\/susananavaridas.es\/wp-content\/uploads\/corrusco_MG_0461-Editar-300x200.jpg 300w, https:\/\/susananavaridas.es\/wp-content\/uploads\/corrusco_MG_0461-Editar-768x512.jpg 768w\" sizes=\"(max-width: 1024px) 100vw, 1024px\" \/><\/figure>\n<\/li>\n<li class=\"blocks-gallery-item\">\n<figure><img decoding=\"async\" width=\"683\" height=\"1024\" class=\"wp-image-2014\" src=\"http:\/\/susananavaridas.es\/wp-content\/uploads\/sarta-683x1024.jpg\" alt=\"\" data-id=\"2014\" data-full-url=\"http:\/\/susananavaridas.es\/wp-content\/uploads\/sarta.jpg\" data-link=\"https:\/\/susananavaridas.es\/?attachment_id=2014\" srcset=\"https:\/\/susananavaridas.es\/wp-content\/uploads\/sarta-683x1024.jpg 683w, https:\/\/susananavaridas.es\/wp-content\/uploads\/sarta-200x300.jpg 200w, https:\/\/susananavaridas.es\/wp-content\/uploads\/sarta-768x1152.jpg 768w\" sizes=\"(max-width: 683px) 100vw, 683px\" \/><\/figure>\n<\/li>\n<li class=\"blocks-gallery-item\">\n<figure><img decoding=\"async\" width=\"1024\" height=\"683\" class=\"wp-image-2011\" src=\"http:\/\/susananavaridas.es\/wp-content\/uploads\/allegar-1024x683.jpg\" alt=\"\" data-id=\"2011\" data-full-url=\"http:\/\/susananavaridas.es\/wp-content\/uploads\/allegar.jpg\" data-link=\"https:\/\/susananavaridas.es\/?attachment_id=2011\" srcset=\"https:\/\/susananavaridas.es\/wp-content\/uploads\/allegar-1024x683.jpg 1024w, https:\/\/susananavaridas.es\/wp-content\/uploads\/allegar-300x200.jpg 300w, https:\/\/susananavaridas.es\/wp-content\/uploads\/allegar-768x512.jpg 768w\" sizes=\"(max-width: 1024px) 100vw, 1024px\" \/><\/figure>\n<\/li>\n<li class=\"blocks-gallery-item\">\n<figure><img loading=\"lazy\" decoding=\"async\" width=\"1024\" height=\"683\" class=\"wp-image-2013\" src=\"http:\/\/susananavaridas.es\/wp-content\/uploads\/lalara-1024x683.jpg\" alt=\"\" data-id=\"2013\" data-full-url=\"http:\/\/susananavaridas.es\/wp-content\/uploads\/lalara.jpg\" data-link=\"https:\/\/susananavaridas.es\/?attachment_id=2013\" srcset=\"https:\/\/susananavaridas.es\/wp-content\/uploads\/lalara-1024x683.jpg 1024w, https:\/\/susananavaridas.es\/wp-content\/uploads\/lalara-300x200.jpg 300w, https:\/\/susananavaridas.es\/wp-content\/uploads\/lalara-768x512.jpg 768w\" sizes=\"(max-width: 1024px) 100vw, 1024px\" \/><\/figure>\n<\/li>\n<li class=\"blocks-gallery-item\">\n<figure><img loading=\"lazy\" decoding=\"async\" width=\"683\" height=\"1024\" class=\"wp-image-2010\" src=\"http:\/\/susananavaridas.es\/wp-content\/uploads\/aguachirri-683x1024.jpg\" alt=\"\" data-id=\"2010\" data-full-url=\"http:\/\/susananavaridas.es\/wp-content\/uploads\/aguachirri.jpg\" data-link=\"https:\/\/susananavaridas.es\/?attachment_id=2010\" srcset=\"https:\/\/susananavaridas.es\/wp-content\/uploads\/aguachirri-683x1024.jpg 683w, https:\/\/susananavaridas.es\/wp-content\/uploads\/aguachirri-200x300.jpg 200w, https:\/\/susananavaridas.es\/wp-content\/uploads\/aguachirri-768x1152.jpg 768w\" sizes=\"(max-width: 683px) 100vw, 683px\" \/><\/figure>\n<\/li>\n<\/ul>\n<\/figure>\n\t\t\t\t\t\t\t\t<\/div>\n\t\t\t\t<\/div>\n\t\t\t\t\t<\/div>\n\t\t<\/div>\n\t\t\t\t\t<\/div>\n\t\t<\/section>\n\t\t\t\t<\/div>\n\t\t","protected":false},"excerpt":{"rendered":"<p>Riojanismo (RAE): palabra o uso linguistico propios de los riojanos.Los Riojanismos no alcanzan la categor\u00eda acad\u00e9mica de lengua, ni suquiera dialecto. Son expressiones familiares vinculadas siempre a escenas de la vida cotidiana. Muchas de ellas pr\u00f3ximas a la tierra, ya que el riojano es un pueblo que a\u00fa hoy mantiene vivas las ra\u00edces en el &#8230; <a title=\"Riojanismos\" class=\"read-more\" href=\"https:\/\/susananavaridas.es\/?page_id=2305\">Read more<span class=\"screen-reader-text\">Riojanismos<\/span><\/a><\/p>\n","protected":false},"author":2,"featured_media":0,"parent":0,"menu_order":0,"comment_status":"closed","ping_status":"closed","template":"","meta":{"_monsterinsights_skip_tracking":false,"_monsterinsights_sitenote_active":false,"_monsterinsights_sitenote_note":"","_monsterinsights_sitenote_category":0,"footnotes":""},"class_list":["post-2305","page","type-page","status-publish"],"aioseo_notices":[],"_links":{"self":[{"href":"https:\/\/susananavaridas.es\/index.php?rest_route=\/wp\/v2\/pages\/2305","targetHints":{"allow":["GET"]}}],"collection":[{"href":"https:\/\/susananavaridas.es\/index.php?rest_route=\/wp\/v2\/pages"}],"about":[{"href":"https:\/\/susananavaridas.es\/index.php?rest_route=\/wp\/v2\/types\/page"}],"author":[{"embeddable":true,"href":"https:\/\/susananavaridas.es\/index.php?rest_route=\/wp\/v2\/users\/2"}],"replies":[{"embeddable":true,"href":"https:\/\/susananavaridas.es\/index.php?rest_route=%2Fwp%2Fv2%2Fcomments&post=2305"}],"version-history":[{"count":52,"href":"https:\/\/susananavaridas.es\/index.php?rest_route=\/wp\/v2\/pages\/2305\/revisions"}],"predecessor-version":[{"id":4047,"href":"https:\/\/susananavaridas.es\/index.php?rest_route=\/wp\/v2\/pages\/2305\/revisions\/4047"}],"wp:attachment":[{"href":"https:\/\/susananavaridas.es\/index.php?rest_route=%2Fwp%2Fv2%2Fmedia&parent=2305"}],"curies":[{"name":"wp","href":"https:\/\/api.w.org\/{rel}","templated":true}]}}

<div data-elementor-type="wp-page" data-elementor-id="2305" class="elementor elementor-2305">
						<section class="elementor-section elementor-top-section elementor-element elementor-element-f941b32 elementor-section-boxed elementor-section-height-default elementor-section-height-default" data-id="f941b32" data-element_type="section">
						<div class="elementor-container elementor-column-gap-default">
					<div class="elementor-column elementor-col-100 elementor-top-column elementor-element elementor-element-4bca2d5d" data-id="4bca2d5d" data-element_type="column">
			<div class="elementor-widget-wrap elementor-element-populated">
						<div class="elementor-element elementor-element-14464f83 elementor-widget elementor-widget-text-editor" data-id="14464f83" data-element_type="widget" data-widget_type="text-editor.default">
				<div class="elementor-widget-container">
									<p><strong>Riojanismo </strong>(RAE): palabra o uso linguistico propios de los riojanos.<br />Los Riojanismos no alcanzan la categoría académica de lengua, ni suquiera dialecto. Son expressiones familiares vinculadas siempre a escenas de la vida cotidiana. Muchas de ellas próximas a la tierra, ya que el riojano es un pueblo que aú hoy mantiene vivas las raíces en el territorio que lo vio nacer.<br /><br />En septiembre de 2018 junto con otros socios de la asociación Riojafoto, se colgó la exposición colectiva «Riojanismos» en la sala de exposiciones del Ayuntamiento de Logroño. Cada autor eligió unos determinados vocablos, utilizados, mayormente, en el entorno de la vida cotidiana en La Rioja</p>								</div>
				</div>
				<div class="elementor-element elementor-element-573e697a elementor-widget-divider--view-line elementor-widget elementor-widget-divider" data-id="573e697a" data-element_type="widget" data-widget_type="divider.default">
				<div class="elementor-widget-container">
							<div class="elementor-divider">
			<span class="elementor-divider-separator">
						</span>
		</div>
						</div>
				</div>
					</div>
		</div>
					</div>
		</section>
				<section class="elementor-section elementor-top-section elementor-element elementor-element-36b4ce4 elementor-section-boxed elementor-section-height-default elementor-section-height-default" data-id="36b4ce4" data-element_type="section">
						<div class="elementor-container elementor-column-gap-default">
					<div class="elementor-column elementor-col-33 elementor-top-column elementor-element elementor-element-f135be9" data-id="f135be9" data-element_type="column">
			<div class="elementor-widget-wrap">
							</div>
		</div>
				<div class="elementor-column elementor-col-33 elementor-top-column elementor-element elementor-element-f05453d" data-id="f05453d" data-element_type="column">
			<div class="elementor-widget-wrap elementor-element-populated">
						<div class="elementor-element elementor-element-96755d6 elementor-widget elementor-widget-text-editor" data-id="96755d6" data-element_type="widget" data-widget_type="text-editor.default">
				<div class="elementor-widget-container">
									<p><em><strong>CURRUSCO</strong>: parte externa del pan</em><br /><em><strong>SARTA</strong>: Serie de cosas pasadas o ensartadas una tras otra en un hilo o cuerda</em><br /><em><strong>ALLEGAR</strong>: debar libre de restos de comida un plato, debido a que se ha comido</em><br /><em><strong>LÁLARA</strong>: huevo sin cáscara</em><br /><em><strong>AGUACHIRRI</strong>: bebida o caldo, que parece agua o que tiene exceso de ella</em></p>								</div>
				</div>
					</div>
		</div>
				<div class="elementor-column elementor-col-33 elementor-top-column elementor-element elementor-element-54db641" data-id="54db641" data-element_type="column">
			<div class="elementor-widget-wrap">
							</div>
		</div>
					</div>
		</section>
				<section class="elementor-section elementor-top-section elementor-element elementor-element-50d814f elementor-section-boxed elementor-section-height-default elementor-section-height-default" data-id="50d814f" data-element_type="section">
						<div class="elementor-container elementor-column-gap-default">
					<div class="elementor-column elementor-col-100 elementor-top-column elementor-element elementor-element-25cc0558" data-id="25cc0558" data-element_type="column">
			<div class="elementor-widget-wrap elementor-element-populated">
						<div class="elementor-element elementor-element-473986f elementor-widget elementor-widget-text-editor" data-id="473986f" data-element_type="widget" data-widget_type="text-editor.default">
				<div class="elementor-widget-container">
									
<p class="has-text-align-left" style="text-align: left;"><em> </em></p>

<figure class="wp-block-gallery columns-5 is-cropped wp-block-gallery-2 is-layout-flex wp-block-gallery-is-layout-flex">
<ul class="blocks-gallery-grid">
<li class="blocks-gallery-item">
<figure><img fetchpriority="high" decoding="async" width="1024" height="683" class="wp-image-2129" src="http://susananavaridas.es/wp-content/uploads/corrusco_MG_0461-Editar-1024x683.jpg" alt="" data-id="2129" data-full-url="http://susananavaridas.es/wp-content/uploads/corrusco_MG_0461-Editar.jpg" data-link="https://susananavaridas.es/?attachment_id=2129" srcset="https://susananavaridas.es/wp-content/uploads/corrusco_MG_0461-Editar-1024x683.jpg 1024w, https://susananavaridas.es/wp-content/uploads/corrusco_MG_0461-Editar-300x200.jpg 300w, https://susananavaridas.es/wp-content/uploads/corrusco_MG_0461-Editar-768x512.jpg 768w" sizes="(max-width: 1024px) 100vw, 1024px" /></figure>
</li>
<li class="blocks-gallery-item">
<figure><img decoding="async" width="683" height="1024" class="wp-image-2014" src="http://susananavaridas.es/wp-content/uploads/sarta-683x1024.jpg" alt="" data-id="2014" data-full-url="http://susananavaridas.es/wp-content/uploads/sarta.jpg" data-link="https://susananavaridas.es/?attachment_id=2014" srcset="https://susananavaridas.es/wp-content/uploads/sarta-683x1024.jpg 683w, https://susananavaridas.es/wp-content/uploads/sarta-200x300.jpg 200w, https://susananavaridas.es/wp-content/uploads/sarta-768x1152.jpg 768w" sizes="(max-width: 683px) 100vw, 683px" /></figure>
</li>
<li class="blocks-gallery-item">
<figure><img decoding="async" width="1024" height="683" class="wp-image-2011" src="http://susananavaridas.es/wp-content/uploads/allegar-1024x683.jpg" alt="" data-id="2011" data-full-url="http://susananavaridas.es/wp-content/uploads/allegar.jpg" data-link="https://susananavaridas.es/?attachment_id=2011" srcset="https://susananavaridas.es/wp-content/uploads/allegar-1024x683.jpg 1024w, https://susananavaridas.es/wp-content/uploads/allegar-300x200.jpg 300w, https://susananavaridas.es/wp-content/uploads/allegar-768x512.jpg 768w" sizes="(max-width: 1024px) 100vw, 1024px" /></figure>
</li>
<li class="blocks-gallery-item">
<figure><img loading="lazy" decoding="async" width="1024" height="683" class="wp-image-2013" src="http://susananavaridas.es/wp-content/uploads/lalara-1024x683.jpg" alt="" data-id="2013" data-full-url="http://susananavaridas.es/wp-content/uploads/lalara.jpg" data-link="https://susananavaridas.es/?attachment_id=2013" srcset="https://susananavaridas.es/wp-content/uploads/lalara-1024x683.jpg 1024w, https://susananavaridas.es/wp-content/uploads/lalara-300x200.jpg 300w, https://susananavaridas.es/wp-content/uploads/lalara-768x512.jpg 768w" sizes="(max-width: 1024px) 100vw, 1024px" /></figure>
</li>
<li class="blocks-gallery-item">
<figure><img loading="lazy" decoding="async" width="683" height="1024" class="wp-image-2010" src="http://susananavaridas.es/wp-content/uploads/aguachirri-683x1024.jpg" alt="" data-id="2010" data-full-url="http://susananavaridas.es/wp-content/uploads/aguachirri.jpg" data-link="https://susananavaridas.es/?attachment_id=2010" srcset="https://susananavaridas.es/wp-content/uploads/aguachirri-683x1024.jpg 683w, https://susananavaridas.es/wp-content/uploads/aguachirri-200x300.jpg 200w, https://susananavaridas.es/wp-content/uploads/aguachirri-768x1152.jpg 768w" sizes="(max-width: 683px) 100vw, 683px" /></figure>
</li>
</ul>
</figure>
								</div>
				</div>
					</div>
		</div>
					</div>
		</section>
				</div>

<p>Riojanismo (RAE): palabra o uso linguistico propios de los riojanos.Los Riojanismos no alcanzan la categoría académica de lengua, ni suquiera dialecto. Son expressiones familiares vinculadas siempre a escenas de la vida cotidiana. Muchas de ellas próximas a la tierra, ya que el riojano es un pueblo que aú hoy mantiene vivas las raíces en el &#8230; <a title="Riojanismos" class="read-more" href="https://susananavaridas.es/?page_id=2305">Read more<span class="screen-reader-text">Riojanismos</span></a></p>
