{"id":3896,"date":"2021-05-20T11:25:19","date_gmt":"2021-05-20T10:25:19","guid":{"rendered":"https:\/\/susananavaridas.es\/?page_id=3896"},"modified":"2021-05-26T14:15:23","modified_gmt":"2021-05-26T13:15:23","slug":"elementor-3896","status":"publish","type":"page","link":"https:\/\/susananavaridas.es\/?page_id=3896","title":{"rendered":"Fin de fiesta"},"content":{"rendered":"\t\t<div data-elementor-type=\"wp-page\" data-elementor-id=\"3896\" class=\"elementor elementor-3896\">\n\t\t\t\t\t\t<section class=\"elementor-section elementor-top-section elementor-element elementor-element-9433584 elementor-section-boxed elementor-section-height-default elementor-section-height-default\" data-id=\"9433584\" data-element_type=\"section\">\n\t\t\t\t\t\t<div class=\"elementor-container elementor-column-gap-default\">\n\t\t\t\t\t<div class=\"elementor-column elementor-col-100 elementor-top-column elementor-element elementor-element-a88f7f2\" data-id=\"a88f7f2\" data-element_type=\"column\">\n\t\t\t<div class=\"elementor-widget-wrap elementor-element-populated\">\n\t\t\t\t\t\t<div class=\"elementor-element elementor-element-bd40b24 elementor-widget elementor-widget-text-editor\" data-id=\"bd40b24\" data-element_type=\"widget\" data-widget_type=\"text-editor.default\">\n\t\t\t\t<div class=\"elementor-widget-container\">\n\t\t\t\t\t\t\t\t\t<p>El Festival <strong>&#8216;Mujeres en el Arte en La Rioja 2016&#8217;<\/strong> tiene a la fotograf\u00eda como una de la protagonistas especiales de esta edici\u00f3n, que se desarrollar\u00e1 entre marzo y abril.<br \/>Se trata de una iniciativa que busca difundir el papel de la mujer en todos los \u00e1mbitos profesionales de las artes visuales, desde la creaci\u00f3n art\u00edstica al comisariado, la cr\u00edtica, la investigaci\u00f3n y la gesti\u00f3n, as\u00ed como trabajar por la igualdad y los derechos de las mujeres en todos los \u00e1mbitos de las artes.<\/p>\t\t\t\t\t\t\t\t<\/div>\n\t\t\t\t<\/div>\n\t\t\t\t\t<\/div>\n\t\t<\/div>\n\t\t\t\t\t<\/div>\n\t\t<\/section>\n\t\t\t\t<section class=\"elementor-section elementor-top-section elementor-element elementor-element-c44f500 elementor-section-boxed elementor-section-height-default elementor-section-height-default\" data-id=\"c44f500\" data-element_type=\"section\">\n\t\t\t\t\t\t<div class=\"elementor-container elementor-column-gap-default\">\n\t\t\t\t\t<div class=\"elementor-column elementor-col-50 elementor-top-column elementor-element elementor-element-d3ed419\" data-id=\"d3ed419\" data-element_type=\"column\">\n\t\t\t<div class=\"elementor-widget-wrap elementor-element-populated\">\n\t\t\t\t\t\t<div class=\"elementor-element elementor-element-9813eb6 elementor-widget elementor-widget-image\" data-id=\"9813eb6\" data-element_type=\"widget\" data-widget_type=\"image.default\">\n\t\t\t\t<div class=\"elementor-widget-container\">\n\t\t\t\t\t\t\t\t\t\t\t\t\t\t\t<img fetchpriority=\"high\" decoding=\"async\" width=\"960\" height=\"611\" src=\"https:\/\/susananavaridas.es\/wp-content\/uploads\/mujeres1.jpg\" class=\"attachment-large size-large wp-image-1636\" alt=\"\" srcset=\"https:\/\/susananavaridas.es\/wp-content\/uploads\/mujeres1.jpg 960w, https:\/\/susananavaridas.es\/wp-content\/uploads\/mujeres1-300x191.jpg 300w\" sizes=\"(max-width: 960px) 100vw, 960px\" \/>\t\t\t\t\t\t\t\t\t\t\t\t\t\t\t<\/div>\n\t\t\t\t<\/div>\n\t\t\t\t\t<\/div>\n\t\t<\/div>\n\t\t\t\t<div class=\"elementor-column elementor-col-50 elementor-top-column elementor-element elementor-element-12ad63e\" data-id=\"12ad63e\" data-element_type=\"column\">\n\t\t\t<div class=\"elementor-widget-wrap elementor-element-populated\">\n\t\t\t\t\t\t<div class=\"elementor-element elementor-element-4e3470a elementor-widget elementor-widget-image\" data-id=\"4e3470a\" data-element_type=\"widget\" data-widget_type=\"image.default\">\n\t\t\t\t<div class=\"elementor-widget-container\">\n\t\t\t\t\t\t\t\t\t\t\t\t\t\t\t<img decoding=\"async\" width=\"610\" height=\"406\" src=\"https:\/\/susananavaridas.es\/wp-content\/uploads\/mujeres2.jpg\" class=\"attachment-large size-large wp-image-1637\" alt=\"\" srcset=\"https:\/\/susananavaridas.es\/wp-content\/uploads\/mujeres2.jpg 610w, https:\/\/susananavaridas.es\/wp-content\/uploads\/mujeres2-300x200.jpg 300w\" sizes=\"(max-width: 610px) 100vw, 610px\" \/>\t\t\t\t\t\t\t\t\t\t\t\t\t\t\t<\/div>\n\t\t\t\t<\/div>\n\t\t\t\t\t<\/div>\n\t\t<\/div>\n\t\t\t\t\t<\/div>\n\t\t<\/section>\n\t\t\t\t<section class=\"elementor-section elementor-top-section elementor-element elementor-element-37d9d1b elementor-section-boxed elementor-section-height-default elementor-section-height-default\" data-id=\"37d9d1b\" data-element_type=\"section\">\n\t\t\t\t\t\t<div class=\"elementor-container elementor-column-gap-default\">\n\t\t\t\t\t<div class=\"elementor-column elementor-col-100 elementor-top-column elementor-element elementor-element-f7ebb0f\" data-id=\"f7ebb0f\" data-element_type=\"column\">\n\t\t\t<div class=\"elementor-widget-wrap elementor-element-populated\">\n\t\t\t\t\t\t<div class=\"elementor-element elementor-element-a45ccab elementor-widget elementor-widget-text-editor\" data-id=\"a45ccab\" data-element_type=\"widget\" data-widget_type=\"text-editor.default\">\n\t\t\t\t<div class=\"elementor-widget-container\">\n\t\t\t\t\t\t\t\t\t<p>Dentro de este marco, del 4 al 31 de Marzo, y en el espacio \u00abYo Expongo\u00bb del Centro Cultural Caja Rioja &#8211; Bankia, expongo una SOLA fotograf\u00eda (cosa, por cierto, nada f\u00e1cil).<\/p><p>Ha sido un placer que contaran conmigo, poniendo mi granito de arena, como mujer y como aficionada a la fotgograf\u00eda.<br \/>Gracias a Teresa de Miguel por pensar en mi en este momento; a Jesus Rocancio por su inestimable ayuda y colaboraci\u00f3n y al Centro Cultural Caja Rioja-Bankia por tener iniciativas como esta.<\/p>\t\t\t\t\t\t\t\t<\/div>\n\t\t\t\t<\/div>\n\t\t\t\t<div class=\"elementor-element elementor-element-cd001f3 elementor-widget-divider--view-line elementor-widget elementor-widget-divider\" data-id=\"cd001f3\" data-element_type=\"widget\" data-widget_type=\"divider.default\">\n\t\t\t\t<div class=\"elementor-widget-container\">\n\t\t\t\t\t\t\t<div class=\"elementor-divider\">\n\t\t\t<span class=\"elementor-divider-separator\">\n\t\t\t\t\t\t<\/span>\n\t\t<\/div>\n\t\t\t\t\t\t<\/div>\n\t\t\t\t<\/div>\n\t\t\t\t\t<\/div>\n\t\t<\/div>\n\t\t\t\t\t<\/div>\n\t\t<\/section>\n\t\t\t\t<section class=\"elementor-section elementor-top-section elementor-element elementor-element-1c074c9b elementor-section-full_width elementor-section-content-middle elementor-section-height-default elementor-section-height-default\" data-id=\"1c074c9b\" data-element_type=\"section\">\n\t\t\t\t\t\t<div class=\"elementor-container elementor-column-gap-no\">\n\t\t\t\t\t<div class=\"elementor-column elementor-col-50 elementor-top-column elementor-element elementor-element-7acaf8cc\" data-id=\"7acaf8cc\" data-element_type=\"column\">\n\t\t\t<div class=\"elementor-widget-wrap elementor-element-populated\">\n\t\t\t\t\t\t<div class=\"elementor-element elementor-element-716b5cbe elementor-widget elementor-widget-text-editor\" data-id=\"716b5cbe\" data-element_type=\"widget\" data-widget_type=\"text-editor.default\">\n\t\t\t\t<div class=\"elementor-widget-container\">\n\t\t\t\t\t\t\t\t\t<p style=\"text-align: center;\"><span style=\"color: #333333;\"><strong><em>\u201cCuando la fiesta que termina da paso a la soledad, cuando el fin de una calle da comienzo a otra \u2026\u201d<\/em><\/strong><\/span><\/p><p><em><span style=\"color: #333333;\">A trav\u00e9s de mis fotograf\u00edas, intento expresar todo aquello que siento <\/span><\/em><br \/><em><span style=\"color: #333333;\">con mi propio lenguaje, plasmando en ellas una parte de m\u00ed. <\/span><\/em><br \/><em><span style=\"color: #333333;\">\u201cFin de fiesta\u201d supuso un antes y un despu\u00e9s en mi estilo, en mi forma de mirar <\/span><\/em><br \/><em><span style=\"color: #333333;\">y marc\u00f3 un hito en mi camino en este apasionante mundo de la fotograf\u00eda.<\/span><\/em><br \/><em><span style=\"color: #333333;\">\u00a0A veces la vida, como en esta imagen, se pone cuesta abajo. <\/span><\/em><br \/><em><span style=\"color: #333333;\">Tenemos que aprender a vivir esos momentos intensamente porque,<\/span><\/em><br \/><em><span style=\"color: #333333;\">con total certeza, en alg\u00fan momento esa cuesta se tornar\u00e1 hacia arriba.<\/span><\/em><\/p><p style=\"text-align: center;\"><span style=\"color: #333333;\"><strong>\u00a0<\/strong><em><strong>\u00ab\u2026 y caminando me di cuenta que la vida es una fiesta si uno hace lo que ama.\u00bb<\/strong><\/em><\/span><\/p>\t\t\t\t\t\t\t\t<\/div>\n\t\t\t\t<\/div>\n\t\t\t\t\t<\/div>\n\t\t<\/div>\n\t\t\t\t<div class=\"elementor-column elementor-col-50 elementor-top-column elementor-element elementor-element-44273bb7\" data-id=\"44273bb7\" data-element_type=\"column\">\n\t\t\t<div class=\"elementor-widget-wrap elementor-element-populated\">\n\t\t\t\t\t\t<div class=\"elementor-element elementor-element-4953a29 elementor-widget elementor-widget-image\" data-id=\"4953a29\" data-element_type=\"widget\" data-widget_type=\"image.default\">\n\t\t\t\t<div class=\"elementor-widget-container\">\n\t\t\t\t\t\t\t\t\t\t\t\t\t\t\t<img decoding=\"async\" src=\"https:\/\/susananavaridas.es\/wp-content\/uploads\/MG_9835.jpg\" title=\"biopark\" alt=\"biopark\" loading=\"lazy\" \/>\t\t\t\t\t\t\t\t\t\t\t\t\t\t\t<\/div>\n\t\t\t\t<\/div>\n\t\t\t\t\t<\/div>\n\t\t<\/div>\n\t\t\t\t\t<\/div>\n\t\t<\/section>\n\t\t\t\t<section class=\"elementor-section elementor-top-section elementor-element elementor-element-6511e847 elementor-section-content-middle elementor-section-boxed elementor-section-height-default elementor-section-height-default\" data-id=\"6511e847\" data-element_type=\"section\">\n\t\t\t\t\t\t<div class=\"elementor-container elementor-column-gap-no\">\n\t\t\t\t\t<div class=\"elementor-column elementor-col-50 elementor-top-column elementor-element elementor-element-4a243a8b\" data-id=\"4a243a8b\" data-element_type=\"column\">\n\t\t\t<div class=\"elementor-widget-wrap elementor-element-populated\">\n\t\t\t\t\t\t<div class=\"elementor-element elementor-element-101fbd12 elementor-widget elementor-widget-image\" data-id=\"101fbd12\" data-element_type=\"widget\" data-widget_type=\"image.default\">\n\t\t\t\t<div class=\"elementor-widget-container\">\n\t\t\t\t\t\t\t\t\t\t\t\t\t\t\t<img decoding=\"async\" width=\"610\" height=\"400\" src=\"https:\/\/susananavaridas.es\/wp-content\/uploads\/20160310_183026_noticias_id1034_portada_img01_610x400.jpg\" class=\"attachment-full size-full wp-image-3958\" alt=\"\" srcset=\"https:\/\/susananavaridas.es\/wp-content\/uploads\/20160310_183026_noticias_id1034_portada_img01_610x400.jpg 610w, https:\/\/susananavaridas.es\/wp-content\/uploads\/20160310_183026_noticias_id1034_portada_img01_610x400-300x197.jpg 300w\" sizes=\"(max-width: 610px) 100vw, 610px\" \/>\t\t\t\t\t\t\t\t\t\t\t\t\t\t\t<\/div>\n\t\t\t\t<\/div>\n\t\t\t\t\t<\/div>\n\t\t<\/div>\n\t\t\t\t<div class=\"elementor-column elementor-col-50 elementor-top-column elementor-element elementor-element-26935a7\" data-id=\"26935a7\" data-element_type=\"column\">\n\t\t\t<div class=\"elementor-widget-wrap elementor-element-populated\">\n\t\t\t\t\t\t<div class=\"elementor-element elementor-element-434cd5e elementor-widget elementor-widget-heading\" data-id=\"434cd5e\" data-element_type=\"widget\" data-widget_type=\"heading.default\">\n\t\t\t\t<div class=\"elementor-widget-container\">\n\t\t\t\t\t<h2 class=\"elementor-heading-title elementor-size-default\">Entrevista en \u00abSpoonful\u00bb<\/h2>\t\t\t\t<\/div>\n\t\t\t\t<\/div>\n\t\t\t\t<div class=\"elementor-element elementor-element-756cf04 elementor-widget elementor-widget-text-editor\" data-id=\"756cf04\" data-element_type=\"widget\" data-widget_type=\"text-editor.default\">\n\t\t\t\t<div class=\"elementor-widget-container\">\n\t\t\t\t\t\t\t\t\t<p>Lee la entrevista completa <a href=\"http:\/\/www.spoonful.es\/noticia\/cultura\/fotografia\/'en-las-fotografias-siempre-se-deja-una-parte-de-ti'_20160311082503.html\">aqu\u00ed.<\/a><br \/>Gracias Javier\u00a0 Muro !!!.<\/p>\t\t\t\t\t\t\t\t<\/div>\n\t\t\t\t<\/div>\n\t\t\t\t\t<\/div>\n\t\t<\/div>\n\t\t\t\t\t<\/div>\n\t\t<\/section>\n\t\t\t\t<\/div>\n\t\t","protected":false},"excerpt":{"rendered":"<p>El Festival &#8216;Mujeres en el Arte en La Rioja 2016&#8217; tiene a la fotograf\u00eda como una de la protagonistas especiales de esta edici\u00f3n, que se desarrollar\u00e1 entre marzo y abril.Se trata de una iniciativa que busca difundir el papel de la mujer en todos los \u00e1mbitos profesionales de las artes visuales, desde la creaci\u00f3n art\u00edstica &#8230; <a title=\"Fin de fiesta\" class=\"read-more\" href=\"https:\/\/susananavaridas.es\/?page_id=3896\">Read more<span class=\"screen-reader-text\">Fin de fiesta<\/span><\/a><\/p>\n","protected":false},"author":2,"featured_media":0,"parent":0,"menu_order":0,"comment_status":"closed","ping_status":"closed","template":"","meta":{"_monsterinsights_skip_tracking":false,"_monsterinsights_sitenote_active":false,"_monsterinsights_sitenote_note":"","_monsterinsights_sitenote_category":0,"footnotes":""},"class_list":["post-3896","page","type-page","status-publish"],"aioseo_notices":[],"_links":{"self":[{"href":"https:\/\/susananavaridas.es\/index.php?rest_route=\/wp\/v2\/pages\/3896","targetHints":{"allow":["GET"]}}],"collection":[{"href":"https:\/\/susananavaridas.es\/index.php?rest_route=\/wp\/v2\/pages"}],"about":[{"href":"https:\/\/susananavaridas.es\/index.php?rest_route=\/wp\/v2\/types\/page"}],"author":[{"embeddable":true,"href":"https:\/\/susananavaridas.es\/index.php?rest_route=\/wp\/v2\/users\/2"}],"replies":[{"embeddable":true,"href":"https:\/\/susananavaridas.es\/index.php?rest_route=%2Fwp%2Fv2%2Fcomments&post=3896"}],"version-history":[{"count":84,"href":"https:\/\/susananavaridas.es\/index.php?rest_route=\/wp\/v2\/pages\/3896\/revisions"}],"predecessor-version":[{"id":4411,"href":"https:\/\/susananavaridas.es\/index.php?rest_route=\/wp\/v2\/pages\/3896\/revisions\/4411"}],"wp:attachment":[{"href":"https:\/\/susananavaridas.es\/index.php?rest_route=%2Fwp%2Fv2%2Fmedia&parent=3896"}],"curies":[{"name":"wp","href":"https:\/\/api.w.org\/{rel}","templated":true}]}}

<div data-elementor-type="wp-page" data-elementor-id="3896" class="elementor elementor-3896">
						<section class="elementor-section elementor-top-section elementor-element elementor-element-9433584 elementor-section-boxed elementor-section-height-default elementor-section-height-default" data-id="9433584" data-element_type="section">
						<div class="elementor-container elementor-column-gap-default">
					<div class="elementor-column elementor-col-100 elementor-top-column elementor-element elementor-element-a88f7f2" data-id="a88f7f2" data-element_type="column">
			<div class="elementor-widget-wrap elementor-element-populated">
						<div class="elementor-element elementor-element-bd40b24 elementor-widget elementor-widget-text-editor" data-id="bd40b24" data-element_type="widget" data-widget_type="text-editor.default">
				<div class="elementor-widget-container">
									<p>El Festival <strong>&#8216;Mujeres en el Arte en La Rioja 2016&#8217;</strong> tiene a la fotografía como una de la protagonistas especiales de esta edición, que se desarrollará entre marzo y abril.<br />Se trata de una iniciativa que busca difundir el papel de la mujer en todos los ámbitos profesionales de las artes visuales, desde la creación artística al comisariado, la crítica, la investigación y la gestión, así como trabajar por la igualdad y los derechos de las mujeres en todos los ámbitos de las artes.</p>								</div>
				</div>
					</div>
		</div>
					</div>
		</section>
				<section class="elementor-section elementor-top-section elementor-element elementor-element-c44f500 elementor-section-boxed elementor-section-height-default elementor-section-height-default" data-id="c44f500" data-element_type="section">
						<div class="elementor-container elementor-column-gap-default">
					<div class="elementor-column elementor-col-50 elementor-top-column elementor-element elementor-element-d3ed419" data-id="d3ed419" data-element_type="column">
			<div class="elementor-widget-wrap elementor-element-populated">
						<div class="elementor-element elementor-element-9813eb6 elementor-widget elementor-widget-image" data-id="9813eb6" data-element_type="widget" data-widget_type="image.default">
				<div class="elementor-widget-container">
															<img fetchpriority="high" decoding="async" width="960" height="611" src="https://susananavaridas.es/wp-content/uploads/mujeres1.jpg" class="attachment-large size-large wp-image-1636" alt="" srcset="https://susananavaridas.es/wp-content/uploads/mujeres1.jpg 960w, https://susananavaridas.es/wp-content/uploads/mujeres1-300x191.jpg 300w" sizes="(max-width: 960px) 100vw, 960px" />															</div>
				</div>
					</div>
		</div>
				<div class="elementor-column elementor-col-50 elementor-top-column elementor-element elementor-element-12ad63e" data-id="12ad63e" data-element_type="column">
			<div class="elementor-widget-wrap elementor-element-populated">
						<div class="elementor-element elementor-element-4e3470a elementor-widget elementor-widget-image" data-id="4e3470a" data-element_type="widget" data-widget_type="image.default">
				<div class="elementor-widget-container">
															<img decoding="async" width="610" height="406" src="https://susananavaridas.es/wp-content/uploads/mujeres2.jpg" class="attachment-large size-large wp-image-1637" alt="" srcset="https://susananavaridas.es/wp-content/uploads/mujeres2.jpg 610w, https://susananavaridas.es/wp-content/uploads/mujeres2-300x200.jpg 300w" sizes="(max-width: 610px) 100vw, 610px" />															</div>
				</div>
					</div>
		</div>
					</div>
		</section>
				<section class="elementor-section elementor-top-section elementor-element elementor-element-37d9d1b elementor-section-boxed elementor-section-height-default elementor-section-height-default" data-id="37d9d1b" data-element_type="section">
						<div class="elementor-container elementor-column-gap-default">
					<div class="elementor-column elementor-col-100 elementor-top-column elementor-element elementor-element-f7ebb0f" data-id="f7ebb0f" data-element_type="column">
			<div class="elementor-widget-wrap elementor-element-populated">
						<div class="elementor-element elementor-element-a45ccab elementor-widget elementor-widget-text-editor" data-id="a45ccab" data-element_type="widget" data-widget_type="text-editor.default">
				<div class="elementor-widget-container">
									<p>Dentro de este marco, del 4 al 31 de Marzo, y en el espacio «Yo Expongo» del Centro Cultural Caja Rioja &#8211; Bankia, expongo una SOLA fotografía (cosa, por cierto, nada fácil).</p><p>Ha sido un placer que contaran conmigo, poniendo mi granito de arena, como mujer y como aficionada a la fotgografía.<br />Gracias a Teresa de Miguel por pensar en mi en este momento; a Jesus Rocancio por su inestimable ayuda y colaboración y al Centro Cultural Caja Rioja-Bankia por tener iniciativas como esta.</p>								</div>
				</div>
				<div class="elementor-element elementor-element-cd001f3 elementor-widget-divider--view-line elementor-widget elementor-widget-divider" data-id="cd001f3" data-element_type="widget" data-widget_type="divider.default">
				<div class="elementor-widget-container">
							<div class="elementor-divider">
			<span class="elementor-divider-separator">
						</span>
		</div>
						</div>
				</div>
					</div>
		</div>
					</div>
		</section>
				<section class="elementor-section elementor-top-section elementor-element elementor-element-1c074c9b elementor-section-full_width elementor-section-content-middle elementor-section-height-default elementor-section-height-default" data-id="1c074c9b" data-element_type="section">
						<div class="elementor-container elementor-column-gap-no">
					<div class="elementor-column elementor-col-50 elementor-top-column elementor-element elementor-element-7acaf8cc" data-id="7acaf8cc" data-element_type="column">
			<div class="elementor-widget-wrap elementor-element-populated">
						<div class="elementor-element elementor-element-716b5cbe elementor-widget elementor-widget-text-editor" data-id="716b5cbe" data-element_type="widget" data-widget_type="text-editor.default">
				<div class="elementor-widget-container">
									<p style="text-align: center;"><span style="color: #333333;"><strong><em>“Cuando la fiesta que termina da paso a la soledad, cuando el fin de una calle da comienzo a otra …”</em></strong></span></p><p><em><span style="color: #333333;">A través de mis fotografías, intento expresar todo aquello que siento </span></em><br /><em><span style="color: #333333;">con mi propio lenguaje, plasmando en ellas una parte de mí. </span></em><br /><em><span style="color: #333333;">“Fin de fiesta” supuso un antes y un después en mi estilo, en mi forma de mirar </span></em><br /><em><span style="color: #333333;">y marcó un hito en mi camino en este apasionante mundo de la fotografía.</span></em><br /><em><span style="color: #333333;"> A veces la vida, como en esta imagen, se pone cuesta abajo. </span></em><br /><em><span style="color: #333333;">Tenemos que aprender a vivir esos momentos intensamente porque,</span></em><br /><em><span style="color: #333333;">con total certeza, en algún momento esa cuesta se tornará hacia arriba.</span></em></p><p style="text-align: center;"><span style="color: #333333;"><strong> </strong><em><strong>«… y caminando me di cuenta que la vida es una fiesta si uno hace lo que ama.»</strong></em></span></p>								</div>
				</div>
					</div>
		</div>
				<div class="elementor-column elementor-col-50 elementor-top-column elementor-element elementor-element-44273bb7" data-id="44273bb7" data-element_type="column">
			<div class="elementor-widget-wrap elementor-element-populated">
						<div class="elementor-element elementor-element-4953a29 elementor-widget elementor-widget-image" data-id="4953a29" data-element_type="widget" data-widget_type="image.default">
				<div class="elementor-widget-container">
															<img decoding="async" src="https://susananavaridas.es/wp-content/uploads/MG_9835.jpg" title="biopark" alt="biopark" loading="lazy" />															</div>
				</div>
					</div>
		</div>
					</div>
		</section>
				<section class="elementor-section elementor-top-section elementor-element elementor-element-6511e847 elementor-section-content-middle elementor-section-boxed elementor-section-height-default elementor-section-height-default" data-id="6511e847" data-element_type="section">
						<div class="elementor-container elementor-column-gap-no">
					<div class="elementor-column elementor-col-50 elementor-top-column elementor-element elementor-element-4a243a8b" data-id="4a243a8b" data-element_type="column">
			<div class="elementor-widget-wrap elementor-element-populated">
						<div class="elementor-element elementor-element-101fbd12 elementor-widget elementor-widget-image" data-id="101fbd12" data-element_type="widget" data-widget_type="image.default">
				<div class="elementor-widget-container">
															<img decoding="async" width="610" height="400" src="https://susananavaridas.es/wp-content/uploads/20160310_183026_noticias_id1034_portada_img01_610x400.jpg" class="attachment-full size-full wp-image-3958" alt="" srcset="https://susananavaridas.es/wp-content/uploads/20160310_183026_noticias_id1034_portada_img01_610x400.jpg 610w, https://susananavaridas.es/wp-content/uploads/20160310_183026_noticias_id1034_portada_img01_610x400-300x197.jpg 300w" sizes="(max-width: 610px) 100vw, 610px" />															</div>
				</div>
					</div>
		</div>
				<div class="elementor-column elementor-col-50 elementor-top-column elementor-element elementor-element-26935a7" data-id="26935a7" data-element_type="column">
			<div class="elementor-widget-wrap elementor-element-populated">
						<div class="elementor-element elementor-element-434cd5e elementor-widget elementor-widget-heading" data-id="434cd5e" data-element_type="widget" data-widget_type="heading.default">
				<div class="elementor-widget-container">
					<h2 class="elementor-heading-title elementor-size-default">Entrevista en «Spoonful»</h2>				</div>
				</div>
				<div class="elementor-element elementor-element-756cf04 elementor-widget elementor-widget-text-editor" data-id="756cf04" data-element_type="widget" data-widget_type="text-editor.default">
				<div class="elementor-widget-container">
									<p>Lee la entrevista completa <a href="http://www.spoonful.es/noticia/cultura/fotografia/'en-las-fotografias-siempre-se-deja-una-parte-de-ti'_20160311082503.html">aquí.</a><br />Gracias Javier  Muro !!!.</p>								</div>
				</div>
					</div>
		</div>
					</div>
		</section>
				</div>

<p>El Festival &#8216;Mujeres en el Arte en La Rioja 2016&#8217; tiene a la fotografía como una de la protagonistas especiales de esta edición, que se desarrollará entre marzo y abril.Se trata de una iniciativa que busca difundir el papel de la mujer en todos los ámbitos profesionales de las artes visuales, desde la creación artística &#8230; <a title="Fin de fiesta" class="read-more" href="https://susananavaridas.es/?page_id=3896">Read more<span class="screen-reader-text">Fin de fiesta</span></a></p>
